1*t - a. What is the tens digit of t?
6
Suppose 3*a = -2*o + 7, 22*o = 19*o - 3*a + 9. Suppose 10*t = 2*p + 7*t - 691, -o*p + 2*t + 696 = 0. What is the hundreds digit of p?
3
Let y be 4*2/52 - (-16275)/91. Let a = 52 + y. What is the units digit of a?
1
Suppose -3*x + 156 = -5*m, 3*m + 52 = m - 4*x. What is the units digit of (6 - 2322/m) + (-9)/(-15)?
4
Suppose -13*i + 29171 = -23895 - 5031. What is the thousands digit of i?
4
Suppose 4*s + 27*l - 25*l = 60080, -3*s = -2*l - 45074. What is the tens digit of s?
2
Let n(w) = w**3 - 2*w**2 + 2*w + 1. Let a be n(2). Suppose -20*y - 1240 = -140*y + 20120. Suppose -a*c - y = -928. What is the units digit of c?
0
Let t(h) = -7*h**2 + 18*h - 6. Let y be t(14). Let z = y - -1891. What is the hundreds digit of z?
7
Let s(v) = 4*v**3 - 10*v**2 - 2*v + 734. Let u(o) = -5*o**3 + 12*o**2 + 2*o - 734. Let x(d) = 6*s(d) + 5*u(d). What is the tens digit of x(0)?
3
Suppose 0 = 5*r - 2058 - 192. Suppose -5*y = -6*y + r. What is the tens digit of y?
5
Let n = -194 - -204. Suppose -n*i + 542 = -8*i. What is the tens digit of i?
7
Suppose -d + c + 1204 = -3*c, -2*c - 2414 = -2*d. Suppose -o - 4*o = 5*k - 1215, -5*o + d = -2*k. Suppose -3*u + o = 35. What is the units digit of u?
9
Suppose -1246886 = -142*m + 857357 + 1537205. What is the thousands digit of m?
5
Suppose -369*w = -423*w + 806323 + 157415. What is the units digit of w?
7
Suppose 50*p - 55*p - 3*h + 215981 = 0, 3*h - 172780 = -4*p. What is the tens digit of p?
0
What is the tens digit of 1/((-2 + -2)/24) + 4873 + 5?
7
Let o(f) = -3*f**3 - 11*f**2 + 5*f - 17. Let g be o(-7). Let q = g + 342. What is the tens digit of q?
8
Let i(b) be the first derivative of 23*b + 35 + 4/3*b**3 + 2*b**2. What is the tens digit of i(-7)?
9
What is the hundreds digit of (-11)/(935/10) - 2616408/(-51)?
3
Let m = -43 + 42. Let c = 4 - m. Let q(b) = b**3 - b**2 - 3*b - 4. What is the tens digit of q(c)?
8
Suppose 76253 = 15*j + 18168 - 49075. What is the units digit of j?
4
Let o(k) = 341*k**2 - 130*k + 103. What is the tens digit of o(10)?
0
Let w(t) = 5*t**3 + t**2 - t - 5. Let h = -58 - -61. What is the hundreds digit of w(h)?
1
Let q(l) = l**2 + 3*l - 4. Let w be q(-6). Let t = w - 17. Let a = 34 + t. What is the tens digit of a?
3
Let t be 48/22 - (-1)/((-33)/6). Suppose -72 = -t*z - z. Suppose 30*k = 29*k + z. What is the units digit of k?
4
What is the thousands digit of (-291)/(-2)*126336/252?
2
Let a(c) = 19*c + 2*c**2 - 81*c + 3 + 0*c + 28*c. What is the hundreds digit of a(29)?
6
What is the thousands digit of 9 - 5 - -8638 - 1*4/(-2)?
8
Suppose 2*s + 45 + 47 = -4*n, 4*n = -s - 94. Let b be (-30)/n - 44/(-16). Suppose -2*c - 3*g + 76 = -36, -3*c - b*g = -166. What is the units digit of c?
0
Let z(l) = 5756*l + 10250. What is the thousands digit of z(6)?
4
Let n be 1707*(-5)/30*-2. Let y = n - 145. What is the tens digit of y?
2
Let r(o) = o**3 - 14*o**2 + 13*o - 16. Let f be r(13). Let a(h) = h + 80. What is the units digit of a(f)?
4
Suppose 2*x + 58036 = 2*g, 14797 = -5*g + x + 159903. What is the ten thousands digit of g?
2
Let o(v) = -203*v + 5. Let x(b) = b**3 - 6*b**2 - b + 5. Let i be x(6). Let g be o(i). Let r = -73 + g. What is the units digit of r?
5
Suppose -40229 + 255728 = 29*w. What is the units digit of w?
1
Suppose 0 = 7*v - 55 + 20. Suppose -v*f + 1842 = 3*u, -3*u + 3*f = -1385 - 457. Suppose -4*z + 490 = 2*b, -5*z + b = 5*b - u. What is the tens digit of z?
2
Let b = -375 + 481. What is the tens digit of ((-122)/1)/(b/(-371))?
2
Suppose -70*y = -62*y + 64024. What is the tens digit of (-200)/900 + y/(-9)?
8
Suppose 0 = -2*i - 3*h - 69, -2*i + 135 = -6*i - 3*h. Let y = -116 + 362. Let j = y + i. What is the units digit of j?
3
Let m = -25896 + 43304. What is the thousands digit of m?
7
Let o = -3729 - -5917. What is the hundreds digit of o?
1
Suppose 154230 = 114*o - 61*o. What is the units digit of o?
0
Let f = -21 + 40. Let q = 38 - f. Let n = 126 + q. What is the tens digit of n?
4
Let m = -99 - -148. Let h be m/(-21) + (-6)/9. What is the tens digit of 2*(114/(-9) - 1)*h?
8
Let p = -18 - 15. Let b = p + 36. What is the units digit of b*8*(-6)/(-18)?
8
Suppose -111*r + 108*r - 90 = 0. Suppose z - 6*u = -2*u - 237, -4*z - 894 = 2*u. What is the units digit of (-1436)/r - 30/z?
8
Let s(q) be the third derivative of q**5/15 + 7*q**4/24 + 8*q**3/3 + 78*q**2. What is the units digit of s(-9)?
7
Suppose 20*g + 6*g - 78 = 0. Suppose 0 = -29*h - g*h + 1984. What is the tens digit of h?
6
Suppose 4*s = 5*v + 33972, -5*s - 42*v + 42424 = -38*v. What is the thousands digit of s?
8
Suppose -61 = -9*g + 119. Let t(s) = s**2 - 20*s - 3. Let o be t(g). What is the units digit of -1*-1*(o + 40)?
7
Suppose 60*s - 297135 = 190365. What is the thousands digit of s?
8
Let v = -88 - -136. Let n = v - -632. What is the tens digit of n?
8
Let r(v) = 65*v**2 - 5*v + 10. Let y be r(-7). Suppose -y = -5*w + 2785. Suppose 8*m = -459 + w. What is the tens digit of m?
9
What is the units digit of 26925 + -1*(-33)/(-11) - 9?
3
Suppose 11*o - 3399 = -0*o. Let z = o - 132. What is the hundreds digit of z?
1
Suppose 5*t + 10 = 3*t. Let f(v) = v**3 + 4*v**2 - 7*v - 2. Let w be f(t). Suppose -w*o + 4*o = -596. What is the hundreds digit of o?
1
Let q = 14551 - 4273. What is the tens digit of q?
7
What is the tens digit of ((-25)/(750/(-1455)))/((-2)/(-196))?
5
Let s(f) = -f**3 + 19*f + 433 + 432 - 11*f**2 - 847. What is the units digit of s(-14)?
0
Suppose 3*p = r - 10636, 117*r - 113*r - 42578 = -5*p. What is the tens digit of r?
4
Let s(j) = j**3 - 6*j**2 + 9*j - 20. Let x be s(5). Let n be ((3 - 2)*121)/1. What is the units digit of x + (-3)/3 + n?
0
Let w(p) = -83 - 6*p - p + 63. Let n be w(9). Let x = n - -154. What is the units digit of x?
1
Suppose 2*o - 23 = 263. Suppose -m + 40 = -o. What is the units digit of m?
3
What is the hundreds digit of (-30)/(-75) - 15266/(-10)?
5
Let i be (-8)/(-32) + (-4)/((-48)/(-423)). Let y be (-14)/i + 13/5 - 1. Suppose 164 = y*r - 18. What is the tens digit of r?
9
Let s(v) = -31*v**2 + 1. Let j(x) = x**2. Let d be ((-3)/9)/((-1)/(-3)). Let f(t) = d*s(t) + 4*j(t). What is the tens digit of f(1)?
3
Suppose -23*n + 1024747 - 60771 = 0. What is the ten thousands digit of n?
4
Suppose 378 + 462 = 10*j. Let m = 89 - j. Suppose -m*n + 281 = -669. What is the tens digit of n?
9
Suppose 5*m + 4*j = 224004, -3*j - 179259 = -176*m + 172*m. What is the thousands digit of m?
4
Let y = 4644 + -3134. Suppose -y*m = -1517*m + 5383. What is the units digit of m?
9
Let w = 2516 + -1723. What is the tens digit of w?
9
Suppose -4 = -3*z - 4*h - 36, -3*h = 3*z + 30. What is the units digit of z*13/416 - 3677/(-4)?
9
Let z(p) = 3 - 15 + 8 - 43 + 48*p. What is the hundreds digit of z(7)?
2
Let u(s) = s**3 - 9*s**2 - 22*s - 7. Let t be u(11). Suppose -m - c - 3*c = 3270, m = 3*c - 3249. What is the units digit of (-3)/t + m/(-42)?
8
Let r(x) be the first derivative of 48*x**2 - 242*x - 15. What is the units digit of r(6)?
4
Suppose 2*i = -5*j + 1, -5*i + 4*j + 2 + 17 = 0. Suppose -107 = -i*n + 160. Let y = n + -7. What is the units digit of y?
2
Suppose -f - 2 = 0, 2*f + 22531 - 1651 = p. What is the tens digit of p?
7
Let u = -237 - -77. Let s = u + 1420. What is the hundreds digit of s?
2
Suppose -5*l + 3*t - 6*t + 5027 = 0, -4*l - 3*t + 4024 = 0. Suppose 4*a = -4*n + a + l, n + 2*a = 247. What is the tens digit of n?
5
Let v be ((-11)/(-2))/(1/6). Let r = 50 - v. Suppose 106 = -15*a + r*a. What is the units digit of a?
3
What is the tens digit of (-2)/27 - 2507780/(-270)?
8
Let v(g) = -g - 1. Let t be v(-5). Suppose 4*k - t*s = 215 + 129, -k - 2*s + 74 = 0. Let l = k - 9. What is the units digit of l?
3
Let t be (2/(-6))/((-28924)/(-2892) - 10). Let i = 16 - t. What is the units digit of i?
7
Let n(i) = 5*i**2 - 5*i + 16. Let a(u) = -2*u + 74. Let k be a(31). What is the hundreds digit of n(k)?
6
Suppose 48*o - 171*o = 27*o - 1299300. What is the tens digit of o?
6
Let a be (-6 + 19)/(-9 - (-138)/15). Suppose 0 = 4*j + 29 - 149. Let c = j + a. What is the units digit of c?
5
Let s(i) be the first derivative of -50*i**2 + 131*i + 262. What is the units digit of s(-14)?
1
Let p(r) = -r**3 + 56*r**2 + 107*r + 63. What is the units digit of p(26)?
5
Supp